69 = 0, 5*r - z = 4*w. What is the tens digit of r?
0
Let d(p) = 58*p - 174. Let x be d(3). Let t(n) = 14*n - 2. Let v be t(3). Suppose x = -6*y + v + 68. What is the tens digit of y?
1
Let d(m) be the first derivative of -m**3/3 - 23*m**2 - 22*m + 112. What is the tens digit of d(-28)?
8
What is the tens digit of 74095/7 + 8 + 12 + -3?
0
Let d(f) = 6*f**2 - 3*f - 26. Let q be d(7). Let a = -89 + q. Let i = a + -110. What is the units digit of i?
8
Suppose -3*h + 97*l = 93*l - 214557, -h + 71517 = -l. What is the hundreds digit of h?
5
What is the tens digit of (-3)/(-18) - 262970/(-60)?
8
Suppose -5*p + 3*x + 1 = 43, 0 = 4*p - x + 28. Let m be (51/2 - -4)*p. Let c = m - -306. What is the units digit of c?
9
Let s = -13 + 19. Let b = -14355 - -15531. Suppose -b = -f - s*f. What is the units digit of f?
8
Let o(k) = k**3 - 19*k**2 + 16*k + 39. Let g be o(18). Suppose 0 = -g*h - 2*x + 1100, -5*x + 1476 = -2*h + 6*h. What is the units digit of h?
4
Let g(b) = 7*b - 1. Let u be g(0). Let t(h) = 6*h**2 + 4*h + 2. Let y be t(u). Suppose z - 4*z - 2*n + 166 = 0, y*z - 225 = n. What is the tens digit of z?
5
Let l(d) be the second derivative of d**5/20 - 11*d**4/4 + 6*d**3 + 89*d**2/2 + d - 1. What is the units digit of l(33)?
7
Let l(o) = -6*o - 107. Let y be l(-19). Suppose -5*b - 2*r = -3880, -3*b + 2*r - 438 + 2750 = 0. What is the tens digit of b/y + (-9)/(-21)?
1
Suppose 162896 = 4*k - 44*h + 48*h, -203604 = -5*k - h. What is the units digit of k?
0
Let u(o) = -5*o**3 + 41*o**2 - 6*o + 199. What is the hundreds digit of u(-20)?
7
Suppose 4*y - 27*x - 43250 = -32*x, -y + 10817 = 2*x. What is the thousands digit of y?
0
What is the units digit of 370*(-2375)/(-50) - (2 - 0 - 9)?
2
Let y(n) = -4 + 0*n + 15*n**2 + 20 - 7*n + 10. Suppose -g + 3*g = 6. What is the units digit of y(g)?
0
What is the tens digit of (-3 + 4)*1*(-9 - -43)*557?
3
Let j = 53702 - 37783. What is the hundreds digit of j?
9
Let o = -579 - -1055. Let n(u) = -u**2 - 8*u - 3. Let t be n(-6). Suppose t*m = o + 199. What is the units digit of m?
5
Let u = 0 + 3. Suppose -r - 4*j = r + 8, u*j = -6. Suppose 3*w + 187 - 526 = r. What is the hundreds digit of w?
1
Let p(c) = -649*c. Let b be p(1). Let s = b + 462. What is the tens digit of (s/(-34))/((-1)/(-26))?
4
Suppose -3*g + 389 + 91 = -4*a, 2*g - 5*a = 327. Let f = 199 + g. What is the hundreds digit of f?
3
Let c be 1*(2 - (-15)/(-5)). What is the tens digit of (1314/(-27))/(1*c/6)?
9
Let u(g) = 42*g + 19. Let l(a) = 5*a + 62. Let k be l(-10). What is the tens digit of u(k)?
2
Let c be (-444)/12 - (1 + 3). Let f = c + 84. Let j = -29 + f. What is the units digit of j?
4
Let u(s) = 6*s + 18. Let z be u(-3). Suppose -5*w + 9*w + 1156 = 4*o, z = -3*o - w + 855. What is the tens digit of o?
8
Let d(q) = 704*q - 8. Let r be d(1). Let n = r - 310. What is the units digit of n?
6
Suppose d + 5*w = 76, -56 + 536 = 5*d + 5*w. Suppose -5*b + 161 = -f + 4*f, 4*f - d = -3*b. What is the tens digit of b?
3
Let z(q) = -12 - 17 + 3*q + 7*q - 6. Let r(g) = -21*g + 69. Let i(m) = -4*r(m) - 9*z(m). What is the hundreds digit of i(-12)?
1
Suppose 3*w - 2 = -2*x + 5*w, 3*w = -3*x + 9. Suppose -5*l + 0*k + 2600 = -x*k, l - 493 = -5*k. What is the hundreds digit of l?
5
Let o(k) = 86*k + 334. Let t be o(-3). Suppose 3*p + 5*z = 7, 3*p - 5*p + 3 = 5*z. Let g = t + p. What is the units digit of g?
0
Suppose -18 = -2*d - 4. Let u be d/(-28) - 9/(-4). Suppose 0 = u*j - 6*j + 80. What is the tens digit of j?
2
Suppose 0 = 2*s - 7*s + 105. Let c be (-4)/16 - s/(-4). Suppose 0 = c*k - 5*t - 260, 1 + 0 = -t. What is the tens digit of k?
5
Let z = 27 + -26. Suppose -4 = -t - z. Let i = 102 - t. What is the tens digit of i?
9
Suppose 0 = 37*c - 36*c - 2. Suppose c*z - 8*b + 6*b - 188 = 0, 4*b = -5*z + 515. Let q = 106 - z. What is the units digit of q?
7
Let s(g) = -g**3 + 5*g**2 + 33*g + 675. What is the hundreds digit of s(-16)?
5
Suppose -5*w + 5*r + 242 = 6*r, -r + 194 = 4*w. Suppose -2*n = -5*t + 87, 4*t - t + 3*n = w. Suppose 4*k = t*k - 2041. What is the units digit of k?
7
Let q(b) = 4*b**2 + 2*b - 6. Suppose 0 = c - 4*c + 9. Let h be q(c). Suppose 3*n - 74 = -3*j - n, -4*n = -2*j + h. What is the units digit of j?
2
Suppose -23 = -3*c + 2*f - f, 4*c = -f + 19. Suppose -q + 190 = -c*q. Let g = q - -63. What is the units digit of g?
5
Let i(r) = 731*r + 475. What is the thousands digit of i(7)?
5
Let s = 26 - 23. Let m(q) = -1953*q - 7. Let w be m(s). What is the hundreds digit of (-4)/(-14) - w/49?
1
Let p = 14927 - 5160. What is the tens digit of p?
6
Let q(p) = -4*p**2 - 4*p - 4. Let o be q(-2). What is the hundreds digit of 287 - o/(-9 + 6)?
2
What is the hundreds digit of 81978/52*(4 + -2)?
1
Let s(b) = -5 - b**2 - 9*b**2 + 50 + b**3 - 3*b - 21. Let r(x) = x**3 - x**2 + 11. Let m be r(0). What is the units digit of s(m)?
2
Let r = -3104 + 3046. Let n = 236 - 51. Let h = n + r. What is the units digit of h?
7
Let u be (-4646)/(-6) + -5 - (-1)/(-3). Let m = u - 75. What is the tens digit of m?
9
Suppose -4*m = -9*m + 5. Let s(g) = 3*g**2 - 4*g + 121. Let r(x) = -x**2 + x - 1. Let a(f) = m*s(f) + 2*r(f). What is the units digit of a(0)?
9
Suppose 0 = 22*i + 13*i - 11095. Suppose 2*o - 4*p - 644 = 0, 5*o - i - 1323 = -5*p. What is the tens digit of o?
2
Suppose -5*w - 4*d = 174, 4*d + 60 = -2*w - 0*d. Let f(m) = m**3 + m**2 + 4*m + 9. Let z be f(-3). Let s = z - w. What is the units digit of s?
7
Let f(x) = -x**3 - 33*x**2 - 2*x - 57. Let t be f(-33). Suppose -2*s = 8*n - 4*n - 584, 0 = 3*n + t. What is the tens digit of s?
9
Suppose -5*v + 773 + 26221 = -2*v. What is the tens digit of v?
9
Let d(l) = -2*l**2 + 28*l + 30. Let z be d(15). Suppose -5*q + 4*o + 1482 = z, 3*o = -10*q + 7*q + 873. What is the tens digit of q?
9
Let c(z) = 1825*z**2 - 374*z - 752. What is the hundreds digit of c(-2)?
2
Suppose -a - s + 8 = 0, -2*a = 2*a - 4*s - 8. Suppose -a*c = 5*r, 3*r + 28 = 2*c + 2*c. What is the units digit of 96/36*(-69)/r?
6
Let x(h) = h - 7. Let f be x(-8). Let u be -6 + (f/(-6))/((-15)/(-12)). What is the tens digit of 1238/6 + 6/(u + -14)?
0
Let k = 93515 + -51866. What is the units digit of k?
9
Suppose -33444 = -2*c - 4*g + 15596, c + 5*g - 24514 = 0. What is the thousands digit of c?
4
Let c be (-279)/6*(-6)/9. Suppose 18810 = c*p - 2580. What is the tens digit of p?
9
Let p be (3 + 174)*(-2)/(-6). Suppose -2*b = 0, -95*b = 3*o - 94*b - 60. Let u = p - o. What is the units digit of u?
9
Suppose -2*z + 11 = -213. Let d be (-1)/2 + z/32. What is the tens digit of (1716/24)/(((-3)/(-2))/d)?
4
Suppose -5*q + 0*q + 5*f = -37510, -2*f = q - 7517. What is the hundreds digit of q?
5
Let l(p) be the third derivative of -p**5/60 - 2*p**4/3 - p**3/6 - 6*p**2. Let t be l(-12). Let q = 53 - t. What is the units digit of q?
6
Let o be -2 - (-7)/(35/(-400)). Let r = o + 50. What is the units digit of (-1968)/r*(-4)/(-6)?
1
What is the units digit of (-144556)/(-6) - ((2431/39)/11 - 6)?
3
Let v(o) = o**3 + 14*o**2 - 19*o - 16. Let g be v(-11). Let c = g + -520. What is the units digit of c?
6
What is the ten thousands digit of (163980/(-54))/(17/(-408))?
7
Let r(v) = -7*v + 67. Let f be r(8). Let g(k) = 8*k**2 + 9*k + 19. What is the hundreds digit of g(f)?
0
Suppose -4*j = -11 - 1. Suppose 5*r + 7*a = j*a + 1040, -3*a = -r + 189. What is the units digit of r?
4
Let x = 10 - 3. Suppose -4*s - 10 = -2*a, -4*s + s = -a + x. What is the units digit of (-852)/(-7) + s/(-7)?
2
Let j(p) = 948*p**2 + 21*p - 2. What is the tens digit of j(-3)?
6
Let h = 44471 + -27020. What is the hundreds digit of h?
4
Let n be -10 - (-144)/15 - 13702/(-5). Suppose -1841 + 489 = -2*x - 2*w, -n = -4*x + 5*w. What is the tens digit of x?
8
Suppose -2*u - 16937 + 27024 = -19237. What is the ten thousands digit of u?
1
Suppose 12*r - 1620 = 8*r. Let k = r - -792. What is the tens digit of k?
9
Let f = 16692 - 8035. What is the hundreds digit of f?
6
Let v be ((-18)/6)/(2/(-10)). Suppose -2*s = 3*s - v. What is the units digit of (6/18)/(s/189)?
1
Suppose -90*i + 85*i = -25. Suppose -3*t - 2*b = -2644, -i*t - 10*b = -8*b - 4404. What is the tens digit of t?
8
Suppose -30 = 1488*t - 1493*t. What is the units digit of (8 - -84*t) + -1 + 2?
3
Let z be (0 - 6)*2/(-4). Suppose -3*l + 3*u + 